it of w?
9
Let w = -6 + 11. Suppose 3*b + 81 = w*j, -2*j - b + 34 = -3*b. What is the units digit of j?
5
Suppose 0 = -2*b - 0*b + 6. Suppose -5*a + 0*x + 83 = -x, -b*a + 43 = -4*x. Suppose 0 = -3*u - 2*l + a, 5*l - l - 24 = -4*u. What is the units digit of u?
5
Suppose 0 = -3*m + 5*y + 181, -m - 31 = -3*y - 94. Let b = 96 - m. What is the units digit of b?
9
Let j(q) = 2*q**2 + 17*q + 8. Let a(v) = -2*v - 13. Let y be a(-9). Let t(n) = n**2 + 11*n + 5. Let x(w) = y*j(w) - 8*t(w). What is the units digit of x(2)?
2
Let v = 0 - -1. Suppose v - 7 = -d. What is the units digit of d?
6
Suppose 6*s - s + 3*f = 25, -3*s - f + 11 = 0. Suppose -y + 123 = 5*v, 8 = 3*v + s*y - 63. What is the tens digit of v?
2
Let t be (-8)/12 + (-28)/(-6). What is the tens digit of t - 4 - (1 + -20)?
1
Let m(l) = 7*l - 7. What is the tens digit of m(3)?
1
What is the units digit of (1/(-3))/(9/(-243))?
9
Let o be 1 + -2 + 1 + 2. Suppose 12 = o*j + 2*i, 0 = -2*i + 3 - 1. What is the units digit of j?
5
What is the units digit of -2 + 5/1 - -5?
8
Suppose 4*k + g = -33 + 12, -36 = 4*k + 4*g. Let y(p) = p**3 + 4*p**2 - 3*p - 6. Let s be y(k). Suppose s*f = f + 55. What is the tens digit of f?
1
Let k be 60/(-8)*2/(-3). Suppose k*f = -3*g + 67, -3*f = -0*f + g - 37. What is the units digit of f?
1
Suppose 34*p - 29*p = 180. What is the tens digit of p?
3
Suppose 23 = 2*a + 7. Let j = a - 6. Suppose -4*f + 30 + j = 0. What is the units digit of f?
8
Let q(g) = 8 + 4*g**2 - 3*g**2 + 4*g + 0*g + 0*g**2. What is the tens digit of q(-7)?
2
Let k(i) = -i**3 + i**2 - 2*i + 1. Let b be k(1). What is the tens digit of -96*b*(-3)/(-6)?
4
Let t = 11 - 8. Suppose -u = t*u. Suppose 0 = -u*h + 2*h - 8. What is the units digit of h?
4
Let r(k) = -k**3 + 11*k**2 + k - 7. What is the units digit of r(11)?
4
Let l = 124 + -57. What is the units digit of l?
7
Let l = 415 - 246. What is the hundreds digit of l?
1
Suppose m + 3 - 7 = 0. Let c(h) = 14*h + 2. What is the tens digit of c(m)?
5
Suppose 13*r - 649 - 183 = 0. What is the tens digit of r?
6
Suppose -7*y = -3*y. Let z(h) = h**3 + 2*h**2 - 3*h - 3. Let w be z(-2). Suppose -w*x - 2*x + 20 = y. What is the units digit of x?
4
Let b(q) = q**3 + 5*q**2 - 5*q - 9. Suppose -5*k - 21 = 9. Let i be b(k). What is the units digit of 4*(-5)/(i/6)?
8
Let h(g) = 9*g + 6. What is the units digit of h(6)?
0
Suppose 2*i + 3*r = 6, -18 = -4*i + 3*r + 12. What is the units digit of i?
6
Suppose -35 = -5*z + 20. What is the tens digit of z?
1
Suppose 0*b - 4 = b. What is the units digit of (-13)/(-2) - b/8?
7
Let k = -24 - -22. Let n = k - -44. What is the units digit of n?
2
Let r(d) = -d**3 + d**2 - 7*d - 1. Let w(p) = -p**3 + p**2 - 6*p. Let u(i) = 3*r(i) - 4*w(i). Suppose 4*n = 2 + 6. What is the units digit of u(n)?
7
Let b = -119 - -211. Suppose 7*v + 3*m = 3*v + b, 115 = 5*v + m. What is the tens digit of v?
2
What is the units digit of (44/(-55))/((-1)/40)?
2
What is the units digit of 10/4*(-64)/(-80)?
2
Let f = -7 - -11. Let j = f - -1. Suppose 3*l + 3*y + 2*y = 1, j*y + 11 = 3*l. What is the units digit of l?
2
Let p(q) = -8*q - 21. What is the units digit of p(-8)?
3
Let k(i) = -4 + 2 + i**2 + 0 + i + 0*i**2. Let v = 3 + -6. What is the units digit of k(v)?
4
Suppose 3*h - 566 + 212 = 0. What is the units digit of h?
8
Suppose -66 = -5*h - 26. Let l = 15 - h. What is the units digit of l?
7
Let a be 2/5 + (-115)/(-25). Let d = a + 9. What is the units digit of d?
4
Let k(h) be the first derivative of -3*h**2/2 + h + 2. Let y be k(-1). Suppose o - 2 = 0, o + 0 = 2*m - y. What is the units digit of m?
3
Suppose 0 = -4*g + 4 + 16. Let k(b) = b**2 - b - 7. What is the units digit of k(g)?
3
Suppose -171 = -6*w + 3*w. Let c = -32 + w. What is the tens digit of c?
2
Let i = -7 - -39. What is the tens digit of i?
3
Let c(i) = 14*i**3 - 3*i**2 + 3*i - 2. What is the tens digit of c(2)?
0
Let h be 42/5 - 2/5. Let v be (-10)/h*8/2. Let w = v - -9. What is the units digit of w?
4
Let u = 10 + -6. Suppose -4*j + 32 = u. Let m = -3 + j. What is the units digit of m?
4
Let v(o) = -4*o + o + 5*o + o. Let a be v(1). Suppose i - 20 = a*x - 6*x, 5*x + i - 36 = 0. What is the units digit of x?
8
Let a = -4 - -2. Suppose 2*f = -3*m + 11, -3*f - 7*m + 3*m + 16 = 0. Let s = f + a. What is the units digit of s?
2
Suppose 92 = 2*x + 2*x. What is the units digit of (-6)/(-15) + x/5?
5
Suppose -q = -4*q + r + 331, -113 = -q + r. What is the tens digit of q?
0
Let c(a) = a**2 + 5*a + 4. Let q(f) = f**2 + 7*f + 5. Let j be q(-5). What is the units digit of c(j)?
4
Let f = -46 + 25. Let c = f + 32. What is the tens digit of c?
1
Suppose 0 = 5*u + 4*o - 2, 5*o + 0*o - 13 = -u. Let m = u - -24. What is the units digit of m?
2
Let j be 4/(0 - 2) - -1. Let s be (j - -1)/(4/2). What is the units digit of (6 + s)/(5 + -4)?
6
Let j = 16 - 15. What is the tens digit of (-1 - (j + -18))*2?
3
Let u(x) be the second derivative of -x**3/6 + 5*x**2 - x. Let j(a) = a**3 + 13*a**2 + 9*a - 28. Let q be j(-12). What is the units digit of u(q)?
2
What is the tens digit of 4/(-6)*(-102)/2?
3
Suppose 0 = -4*v + v. Let b(m) = m**3 - m**2 - m + 2. Let q be b(v). Suppose q*t + t + 12 = 0, 2*t = 2*x - 38. What is the tens digit of x?
1
Let t(s) = -2*s + 2. Let q(u) = -u + 1. Let f(v) = 10*q(v) - 6*t(v). What is the units digit of f(4)?
6
Let h = -46 - -78. Suppose 72 = -l + 6*l - s, -h = -3*l - 5*s. Let b = l - 5. What is the units digit of b?
9
Let t be (-1 + -2)/((-9)/12). Suppose -5*i + 6*m + 75 = 4*m, -t*i + 2*m = -58. What is the units digit of i?
7
What is the units digit of (-864)/(-20) - 8/(-10)?
4
Let w be 1/2*1*1002. What is the units digit of w/39 - (-4)/26?
3
Let c be 112/12 + (-2)/(-3). Let m be (-65)/c + 6/4. Let j = m + 6. What is the units digit of j?
1
Suppose 3*o + 44 = 5*o. What is the units digit of o?
2
Let o(y) = 4*y**2. Let j be o(-2). Suppose -5*m + j = -m. Suppose m*c - 2 = k - 20, c = 5*k - 14. What is the units digit of k?
2
Suppose 2*w - 2*z = 198, -84 = -w - 2*z - 2*z. What is the units digit of w?
6
Let i = 19 - 15. Suppose i = -3*m + 10. What is the units digit of m?
2
Suppose -4*s + 0 = -24. Suppose -2*n - s = -0*n. Let p = n + 5. What is the units digit of p?
2
Let c be ((-16)/(-5))/((-2)/(-30)). Suppose 3*p = 6*p - c. What is the units digit of p?
6
Suppose f + 2 = 5*h - 14, 5*h = -2*f + 13. Suppose -3*u - 3 = h*p - 5*p, 2*p + u + 1 = 0. Suppose -2*z = -p - 2. What is the units digit of z?
1
Let m(p) = -p - 8. Let v be m(-6). Let c(r) = r**2 - 2*r + 1. Let h be c(v). What is the units digit of h/(-12) + 46/8?
5
Suppose -2*x + 1 - 11 = 0. Let k(h) = h**3 + 5*h**2 - 2*h. What is the units digit of k(x)?
0
Let i = 82 + -57. Let k be 1/4 + 15/4. Suppose -i = -3*u + k*c, -4*u + 0*c + 16 = -c. What is the units digit of u?
3
What is the units digit of ((-4)/6)/((-7)/357)?
4
Suppose -7*h - 20 = -9*h. What is the tens digit of h?
1
Let g(t) = -t**2 + 18*t - 23. What is the tens digit of g(13)?
4
What is the tens digit of 4/6 - (-14440)/57?
5
Let r be -1*3*39/(-9). Suppose 4*b + 4*k - 1 = 35, -5*b = -3*k - r. Let q = 7 - b. What is the units digit of q?
2
Suppose h - 108 = -2*h. What is the units digit of h?
6
Suppose -5 = -3*j + 2*b - 2, 2*j + 4*b = 2. Suppose 2*v + j = i, 3*i + 3*v - 59 = -i. What is the units digit of i?
1
Suppose 3*h = k + 119, 3*k + 73 + 89 = 4*h. What is the units digit of h?
9
Suppose -2*q - 1 = -3*q + 2*t, 3*q = 5*t + 4. Suppose 4*o + q = 5*o. Suppose -o = -3*g + c + 11, -8 = -2*g + 2*c. What is the units digit of g?
5
Suppose f - 15 - 39 = 0. What is the units digit of f?
4
Let q be -9*(-10)/3 - -3. Suppose o - 11 = 2*c, 5*o + 4 - q = -3*c. What is the units digit of o?
7
Let p = 15 + -7. Suppose p = q + q. What is the units digit of q?
4
Let h(i) = 4 - 3*i - 5*i + 4 + i**2. Let b be 5 + (-5)/(20/(-8)). What is the units digit of h(b)?
1
Let m(o) = o**3 + o**2 - o + 20. What is the tens digit of m(0)?
2
Suppose -4*a - 2*p = 12, 2*a - 3*p + 22 = -2*a. Let i be 0 - (a + 0 + -1). What is the units digit of 37/i + (-10)/25?
7
Suppose -12 = -l - 5*m + 2*m, 4*l - 12 = -3*m. Suppose -5*p + 3*p - 6 = l. Let n = p - -11. What is the units digit of n?
8
What is the units digit of (1179/27)/((-2)/(-6))?
1
Suppose 0 = -2*v + 2 + 2. Let i(w) = -7*w - 4